 161 + 254. What are the prime factors of c?
83
Suppose -9*b - 33 = -51. Suppose 3*r - 682 - 1029 = -q, b*r = -2*q + 3410. List the prime factors of q.
2, 23, 37
Let o(c) = -53*c**3 - c**2 - 3*c - 2. Let t(z) = -105*z**3 - z**2 - 6*z - 3. Let x(s) = 5*o(s) - 3*t(s). What are the prime factors of x(1)?
2, 5
Suppose -4*i + 5*y = -3*i - 251, 2*y - 685 = -3*i. Suppose 8*k + 607 - i = 0. What are the prime factors of (k + 1)*1*-2?
2, 23
Suppose 3*q - 2*a = 9, 4*q - 10 = 2*a + 4. Suppose -4*h + 65 = -3*y + q, -4*h = 3*y + 36. Let p(s) = -8*s + 63. What are the prime factors of p(y)?
191
List the prime factors of (131456/24)/((-8)/6 - -2).
2, 13, 79
Let r(o) = 4*o**3 + 5*o**2 + o + 20. Let c be r(6). List the prime factors of c/(-20)*(-13 + -3).
2, 107
Suppose 38*a + 3*k = 34*a + 135069, -5*a + 5*k + 168845 = 0. List the prime factors of a.
2, 3, 7, 67
Let l(u) = 471*u + 1. Let f be l(1). Let r = 889 - f. What are the prime factors of r?
3, 139
Let i be 58*1*44/88. Let j = -12 + 20. Let u = j + i. What are the prime factors of u?
37
Let o(w) = -62*w + 6 + 47 + 58*w. Let v be o(12). Suppose 2*k - 2*h + v*h = 99, -2*k + 104 = -2*h. List the prime factors of k.
3, 17
Let n(i) = -8*i - 366. Let r be n(0). Let k = r + 1015. What are the prime factors of k?
11, 59
Let r = -32896 + 55033. What are the prime factors of r?
3, 47, 157
Let t = -3548 - -13728. What are the prime factors of t?
2, 5, 509
Suppose 0 = -3*l - b - 10, -2*b = 2*l - 3*b + 15. Let d be 10/l - (-1 - -65). Let z = d - -100. What are the prime factors of z?
2, 17
Let a(x) = 229*x + 580. List the prime factors of a(35).
3, 5, 191
Let f(i) = -23*i - 5. Let u be f(-15). Suppose -5*j = -j - u. Let h = 192 - j. List the prime factors of h.
107
Let t = -12 + 80. What are the prime factors of 2236/10 + t/170?
2, 7
Let t(j) = j**3 + 27*j**2 + 50*j + 5. Let d be t(-25). Suppose 0 = -2*k + 4*q, d*q + 0*q - 60 = -5*k. What are the prime factors of -1 + -4 + k - -87?
2, 3, 5
Let o(j) = 62 - j - j**2 + 37*j**3 + 58 - 118. Let t be o(1). Suppose -4*v + 25 = 5, g - t = -5*v. What are the prime factors of g?
2, 3
Let u(k) = 178*k. Suppose 6*d - 38 = -14. List the prime factors of u(d).
2, 89
Suppose -7*g + 307898 = -9*y + 7*y, 2*g - 4*y - 87964 = 0. List the prime factors of g.
2, 3, 7331
Let i = -3452 - -7526. List the prime factors of i.
2, 3, 7, 97
Suppose -3*g + 9 = -0*g. Suppose -g*v = -v - 18. Suppose -h + 4*d = -14, -4*h - d = -v*h + 89. What are the prime factors of h?
2, 3
Suppose 0 = -3*i - 3, 2*i = -3*x - x + 36910. List the prime factors of x.
2, 3, 769
Suppose -37*g = -41*g + 124. Suppose a = -2*w + 669, -34*a = -g*a + w - 2007. List the prime factors of a.
3, 223
List the prime factors of (6/1 - -7) + 3774.
7, 541
Suppose 10*n + 10 = 15*n. Suppose 0*r - r = -4*p + 1828, 448 = p + n*r. Suppose 2*z + 101 = t - 4, -4*t = z - p. What are the prime factors of t?
113
Suppose -8624 = -4*s + 25*t - 32*t, 0 = -3*t. List the prime factors of s.
2, 7, 11
Suppose q = j + 16, 0 = -3*q - 2*j - j + 54. Let w(h) = 22*h + 110. What are the prime factors of w(q)?
2, 11
Let f(s) = 533*s + 10. Let n be f(5). Let w = -1744 + n. What are the prime factors of w?
7, 19
Let r(c) = -3690*c - 4432. What are the prime factors of r(-18)?
2, 15497
Let p(l) = l + 7. Let h be p(-7). Suppose h = -2*o + 5*b + 21, -3*o + 0*o + 4*b + 14 = 0. What are the prime factors of 30 + -5 - (-1 + (o - -2))?
2, 13
Suppose 0 = p - 4*w - 14, 4*w = p + 3*w - 5. Suppose 2*o = 2*g + 620, -4 + 6 = -p*g. List the prime factors of o.
3, 103
Suppose -j + 5*l + 279 = 0, -j + 13*l + 309 = 14*l. Suppose 6*i - 8072 = j. List the prime factors of i.
2, 349
Suppose -o - 7*z = -16327, -100 + 80 = 4*z. List the prime factors of o.
2, 3, 101
Let n(f) = 5*f**2 + 31*f - 94. What are the prime factors of n(42)?
2, 23, 109
Let y(a) = 2*a + 19. Let o be y(10). Let u = -37 + o. Suppose m + u*m = 78. What are the prime factors of m?
2, 13
Let k(y) = -593*y - 5162. What are the prime factors of k(-23)?
7, 173
Let h(v) be the first derivative of -2*v + 1/2*v**2 + 15. List the prime factors of h(7).
5
What are the prime factors of (-197562)/(-7) + 71/(-497)?
13, 167
Suppose -f - 1221 = -1213, -2*g + 3*f = -47908. List the prime factors of g.
2, 11971
Let m = -9 + 40. Suppose 19 = d - 3*f, -d - m = -5*d + 3*f. Suppose -3*o + d*x + 215 = 0, -2*o + 141 = -2*x - 3*x. List the prime factors of o.
73
Let t(j) = 3*j**3 - 5*j**2 - 2*j + 5. Let f be t(2). Suppose -3*k = -s + 535, 0 = -f*k - 3 + 18. What are the prime factors of s?
2, 17
Let d = 24096 - 16700. List the prime factors of d.
2, 43
Let x(r) = 4*r**2 + 7*r - 8. Let a(t) = 19 - 16*t**2 + 13*t + t - t**3 + 2*t**3. Let n be a(15). What are the prime factors of x(n)?
2, 3, 7
Suppose -353051 = 131*i - 172*i. List the prime factors of i.
79, 109
Let q(k) = -120*k**3 + 57*k**2 + 8*k + 8. What are the prime factors of q(-5)?
13, 97
Let d be (12/(-36))/(0 + (-1)/(-267)). Let r = -69 - d. List the prime factors of r.
2, 5
Suppose 44 + 61 = -5*d. Let l be (-909)/d + (16/14)/(-4). Suppose 0 = 11*u - 10*u - l. What are the prime factors of u?
43
Suppose -2*h + p + 385 = 130, -4*h + 503 = 5*p. Suppose -h*r + 1116 = -121*r. List the prime factors of r.
2, 3, 31
Let i(n) = -n**3 - 16*n**2 + 19*n + 40. Let r be i(-17). Suppose -3*v - 648 = -r*v. Suppose -v = -t - 3*t. List the prime factors of t.
2, 3
Suppose -2*a + 3*z = z - 6, -5*a + 15 = -z. Suppose -4*m = -20, -a*g + m = 4*m - 174. Suppose f = 5*n + g - 7, 2*f - 2*n - 124 = 0. List the prime factors of f.
2, 3, 11
Suppose -16*b = 2*b + 18*b - 370080. What are the prime factors of b?
2, 5, 257
Let u(b) = -13*b**2 + 5*b + 5. Let k be u(3). Let h = k - -180. List the prime factors of h.
83
Let u = 75 - 73. Suppose 0 = -u*y - 5*y - 0*y. Suppose w - 3 - 2 = y, 2*z - 5*w - 111 = 0. What are the prime factors of z?
2, 17
Let m be ((-1)/3 - -1)/((-10)/245520). What are the prime factors of m/(-62) - (1 - -4)?
7, 37
Suppose 0*p + 2*b = p - 74, 5*p = -5*b + 325. Suppose -2*x - 5*s + 871 = p, 2*x - 3*s - 779 = 0. List the prime factors of x.
2, 197
Suppose -80*v - 45 = -75*v. What are the prime factors of 1 - 12/v*(-228)/(-8)?
3, 13
What are the prime factors of (-252)/8*(-36)/315*3595?
2, 3, 719
Let s(h) = -30*h + 18. Let r(b) = 12*b - 15*b + 9 - 12*b. Let p(a) = -5*r(a) + 3*s(a). List the prime factors of p(-10).
3, 53
Let g(y) = 5*y - 43. Let d be g(9). Suppose -d*f + 817 = -5*k, 3*f = -0*k + 3*k + 1203. What are the prime factors of f?
2, 3, 11
Let o = 1567 - 602. Suppose -2*s + o = 525. List the prime factors of s.
2, 5, 11
Suppose 10*d - 6*d = 16*d - 207300. List the prime factors of d.
5, 691
Let d(k) = 434*k**3 + 2*k**2 - k - 1. Let l be d(1). Let m = l - -474. List the prime factors of m.
2, 227
Suppose 116 = 3*k + 95, -3*k = 2*y - 10331. List the prime factors of y.
5, 1031
Suppose g + 273 = -2*a, -4*a = 3*g + 557 - 16. Let t = a + 137. List the prime factors of (-2340)/(-8) + (1/1)/t.
2, 73
Let f(j) = j**3 + 7*j**2 - 4*j - 11. Let z be f(-7). Let b = -7 + z. List the prime factors of (544/b)/((-6)/(-15)).
2, 17
Suppose 4*g - 5*a - 50440 = 64985, 115443 = 4*g + a. List the prime factors of g.
2, 3, 5, 13, 37
Let d(v) = 19*v - 353. Let o be d(13). Let m = 249 + -151. Let s = m - o. What are the prime factors of s?
2, 3, 17
Let u(l) = -1187*l**3 - 3*l**2 - 34*l - 61. What are the prime factors of u(-3)?
32063
Let b = 8 - -2. Let y be (b/(-4))/(13/(-676)). Suppose 4*c + y = 9*c. List the prime factors of c.
2, 13
Let a(u) = -3680*u - 10952. List the prime factors of a(-26).
2, 7, 17, 89
Let g be 10 - ((-10)/45 - (-114)/27). Let i = -14 - -16. Suppose g = -p + i*p. List the prime factors of p.
2, 3
Suppose 25*h - 31*h = -55920. List the prime factors of h.
2, 5, 233
List the prime factors of 6229580/980 - (46/(-14) + 3).
3, 13, 163
Let x(w) = 4*w + 65. Let m be x(-26). Let b = 39 + m. Let k = 126 - b. List the prime factors of k.
2, 3, 7
Let m = 556 + -552. List the prime factors of 1034 + 3 + m + -3.
2, 3, 173
Let i = 7673 + -2330. What are the prime factors of i?
3, 13, 137
Let n = -3 + 38. Suppose -n = -11*q + 9. Let b(g) = 4*g**3 - 2*g**2 + 3*g - 7. What are the prime factors of b(q)?
229
Let q = 5793 + -5310. List the prime factors of q.
3, 7, 23
Suppose -5*i + 136 = -5*q